{"id":21,"date":"2025-04-15T15:05:32","date_gmt":"2025-04-15T15:05:32","guid":{"rendered":"https:\/\/artconservation.spacegrafik.ch\/?page_id=21"},"modified":"2025-04-15T18:30:13","modified_gmt":"2025-04-15T18:30:13","slug":"portrait","status":"publish","type":"page","link":"https:\/\/artconservation.spacegrafik.ch\/?page_id=21","title":{"rendered":"Portrait"},"content":{"rendered":"<p>[et_pb_section fb_built=&#8220;1&#8243; _builder_version=&#8220;4.27.4&#8243; _module_preset=&#8220;default&#8220; global_colors_info=&#8220;{}&#8220;][et_pb_row _builder_version=&#8220;4.27.4&#8243; _module_preset=&#8220;default&#8220; global_colors_info=&#8220;{}&#8220;][et_pb_column type=&#8220;4_4&#8243; _builder_version=&#8220;4.27.4&#8243; _module_preset=&#8220;default&#8220; global_colors_info=&#8220;{}&#8220;][et_pb_text _builder_version=&#8220;4.27.4&#8243; _module_preset=&#8220;default&#8220; global_colors_info=&#8220;{}&#8220;]<\/p>\n<h1 style=\"text-align: center;\">Portrait<\/h1>\n<p style=\"text-align: center;\"><strong>F\u00fcr uns ist jedes Kunstwerk einzigartig und kommt uneingeschr\u00e4nkt in den Genuss unserer gesamten restauratorischen Erfahrung und Leidenschaft.<\/strong><\/p>\n<p style=\"text-align: center;\">Seit der Firmengr\u00fcndung im Jahr 2001 durch Thomas Becker steht der Name\u00a0<strong>Art Conservation\u00a0<\/strong>im Bereich der Konservierung und Restaurierung von Kunstwerken f\u00fcr h\u00f6chste restauratorische Kompetenz, Seriosit\u00e4t und Diskretion.<\/p>\n<p style=\"text-align: center;\">Bilder Atelier?<\/p>\n<p style=\"text-align: center;\">\n<p>[\/et_pb_text][\/et_pb_column][\/et_pb_row][et_pb_row column_structure=&#8220;1_2,1_2&#8243; _builder_version=&#8220;4.27.4&#8243; _module_preset=&#8220;default&#8220; global_colors_info=&#8220;{}&#8220;][et_pb_column type=&#8220;1_2&#8243; _builder_version=&#8220;4.27.4&#8243; _module_preset=&#8220;default&#8220; global_colors_info=&#8220;{}&#8220;][et_pb_text _builder_version=&#8220;4.27.4&#8243; _module_preset=&#8220;default&#8220; global_colors_info=&#8220;{}&#8220;]<\/p>\n<h2>Thomas Becker<\/h2>\n<ul>\n<li>Restaurator<\/li>\n<li>Inhaber und Gesch\u00e4ftsf\u00fchrer<\/li>\n<li>Materialpr\u00fcfer RT1<\/li>\n<li>Ehemaliger Dozent Hochschule der K\u00fcnste Bern<\/li>\n<\/ul>\n<p><strong><em>&#8222;Der Erhalt Ihrer Kunstwerke und Ihre Freude daran sind das Ziel meiner Arbeit&#8220;<\/em><\/strong><\/p>\n<div>Geboren und aufgewachsen in Bamberg, dem UNESCO Weltkulturerbe im Herzen Frankens, umgeben von mittelalterlichen Zeugnissen und \u00fcppigem Barock.<\/div>\n<div>Thomas Becker lebt seit 1983 in der Schweiz und gr\u00fcndete 2001 die Firma<span>\u00a0<\/span><strong>Art Conservation Thomas Becker<span>\u00a0<\/span><\/strong>und \u00fcberf\u00fchrte diese 2023 in die<strong>\u00a0<\/strong>neugegr\u00fcndete<strong><span>\u00a0<\/span>Art Conservation Atelier GmbH<\/strong>.\u00a0Mit \u00fcber 40 Jahren Berufserfahrung lebt er mehr denn je seine Leidenschaft f\u00fcr den Erhalt und die Pflege von Kunstwerken. Das R\u00f6ntgen von Kunst und Kulturgut, auch im mobilen Einsatz, ist sein Spezialgebiet. An der Hochschule der K\u00fcnste in Bern dozierte er 24 Jahre lang die &#8222;Bildgebenden Verfahren&#8220; in der Restauratorenausbildung. Aus \u00dcberzeugung findet er zusammen mit dem Kunden und dem Kunstwerk die beste L\u00f6sung.<\/div>\n<p>[\/et_pb_text][\/et_pb_column][et_pb_column type=&#8220;1_2&#8243; _builder_version=&#8220;4.27.4&#8243; _module_preset=&#8220;default&#8220; global_colors_info=&#8220;{}&#8220;][et_pb_text _builder_version=&#8220;4.27.4&#8243; _module_preset=&#8220;default&#8220; hover_enabled=&#8220;0&#8243; global_colors_info=&#8220;{}&#8220; sticky_enabled=&#8220;0&#8243;]<\/p>\n<h2 class=\"heading\">Silvia Balmer<\/h2>\n<ul>\n<li>Konservatorin-Restauratorin MA<\/li>\n<li>Leiterin Atelier<\/li>\n<\/ul>\n<div>Nach einem Praktikum im Winter 2010\/11 ist Silvia Balmer seit 2012 fester Bestandteil der<span>\u00a0<\/span><strong>Art Conservation<\/strong>. Ihr Studium an der Hochschule der K\u00fcnste in Bern hat Sie 2013 mit dem Master of Arts in Conservation and Restoration abgeschlossen. Mit ihrem Engagement bereichert sie s\u00e4mtliche Arbeitsbereiche vom Kostenvoranschlag bis zum Zustandsbericht, von der Kurierfahrt bis zur Stellvertretung. Dank Ihrem kritischen Auge sind Retuschieraufgaben bei Ihr in besten H\u00e4nden.<\/div>\n<p>[\/et_pb_text][\/et_pb_column][\/et_pb_row][\/et_pb_section]<\/p>\n","protected":false},"excerpt":{"rendered":"<p>Portrait F\u00fcr uns ist jedes Kunstwerk einzigartig und kommt uneingeschr\u00e4nkt in den Genuss unserer gesamten restauratorischen Erfahrung und Leidenschaft. Seit der Firmengr\u00fcndung im Jahr 2001 durch Thomas Becker steht der Name\u00a0Art Conservation\u00a0im Bereich der Konservierung und Restaurierung von Kunstwerken f\u00fcr h\u00f6chste restauratorische Kompetenz, Seriosit\u00e4t und Diskretion. Bilder Atelier? Thomas Becker Restaurator Inhaber und Gesch\u00e4ftsf\u00fchrer Materialpr\u00fcfer [&hellip;]<\/p>\n","protected":false},"author":1,"featured_media":0,"parent":0,"menu_order":0,"comment_status":"closed","ping_status":"closed","template":"","meta":{"_et_pb_use_builder":"on","_et_pb_old_content":"","_et_gb_content_width":"","footnotes":""},"class_list":["post-21","page","type-page","status-publish","hentry"],"_links":{"self":[{"href":"https:\/\/artconservation.spacegrafik.ch\/index.php?rest_route=\/wp\/v2\/pages\/21","targetHints":{"allow":["GET"]}}],"collection":[{"href":"https:\/\/artconservation.spacegrafik.ch\/index.php?rest_route=\/wp\/v2\/pages"}],"about":[{"href":"https:\/\/artconservation.spacegrafik.ch\/index.php?rest_route=\/wp\/v2\/types\/page"}],"author":[{"embeddable":true,"href":"https:\/\/artconservation.spacegrafik.ch\/index.php?rest_route=\/wp\/v2\/users\/1"}],"replies":[{"embeddable":true,"href":"https:\/\/artconservation.spacegrafik.ch\/index.php?rest_route=%2Fwp%2Fv2%2Fcomments&post=21"}],"version-history":[{"count":7,"href":"https:\/\/artconservation.spacegrafik.ch\/index.php?rest_route=\/wp\/v2\/pages\/21\/revisions"}],"predecessor-version":[{"id":61,"href":"https:\/\/artconservation.spacegrafik.ch\/index.php?rest_route=\/wp\/v2\/pages\/21\/revisions\/61"}],"wp:attachment":[{"href":"https:\/\/artconservation.spacegrafik.ch\/index.php?rest_route=%2Fwp%2Fv2%2Fmedia&parent=21"}],"curies":[{"name":"wp","href":"https:\/\/api.w.org\/{rel}","templated":true}]}}